{"id":3992,"date":"2021-06-11T17:32:02","date_gmt":"2021-06-11T17:32:02","guid":{"rendered":"https:\/\/site.104-131-161-168.plesk.page\/?post_type=eventos&#038;p=3992"},"modified":"2021-09-30T23:36:09","modified_gmt":"2021-09-30T23:36:09","slug":"moda-buenos-aires","status":"publish","type":"eventos","link":"https:\/\/ong.acercandonaciones.com\/index.php\/eventos\/moda-buenos-aires\/","title":{"rendered":"El arte y la moda en la embajada de Chile"},"content":{"rendered":"\n<p><strong>Conversatorio<\/strong><\/p>\n\n\n\n<p>CONVERSATORIO \u00bb EL ARTE Y LA MODA\u00bb con <strong>Francisco Ayala<\/strong>, entrevistado por la Lic. <strong>Diana Avellaneda<\/strong> en el Centro Cultural MATTA de la Embajada de Chile en <br>Buenos Aires ,convocado por la Sra. <strong>Magdalena Santa Mar\u00eda de Urrejola.<\/strong><\/p>\n\n\n\n<p>El d\u00eda Jueves 27 de Noviembre el CCMatta ambientado con su reciente puesta de la Exposici\u00f3n CONTINUIDADES , fue centro de reuni\u00f3n del Conversatorio \u00bb El Arte y la Moda \u00bb .<\/p>\n\n\n\n<p><strong>El encuentro<\/strong><br>Los asistentes fueron recibidos recorriendo las obras expuestas de los artistas chilenos Claudia M\u00fcller, Magdalena Prado y Virginia Guilisasti , mientras degustaban un sabroso caf\u00e9 CABRALES y delicatessen.<\/p>\n\n\n\n<p><strong>Agradecimientos de ADAC<\/strong><br>En Mesa de Ingreso cada participante pudo retirar una atenci\u00f3n de un filtro solar de ANDROMACO, muy apropiado para la estaci\u00f3n veraniega que estamos iniciando , raz\u00f3n por la cual les damos las gracias por cuidar nuestra piel as\u00ed como a BAG\u00d3 los medicamentos donados para ni\u00f1os y ancianos que mantienen la Congregaci\u00f3n Hermanas de Santa Marta.<\/p>\n\n\n\n<p>Con posterioridad, se invit\u00f3 al p\u00fablico a pasar al Auditorio donde nos encontramos con el dise\u00f1ador Francisco Ayala y la Lic. Diana Avellaneda.<\/p>\n\n\n\n<p>Breves palabras introductorias de <strong>Alma Comas de Portiglia<\/strong> quien di\u00f3 lectura a la nota enviada por la Madre Superiora <strong>Sor Patricia Morales <\/strong>del Hogar de Ancianos que mantiene la <strong>Congregaci\u00f3n Hermanas de Santa Marta <\/strong>para 50 ancianos argentinos de escasos recursos en la localidad de Pilar.<\/p>\n\n\n\n<p>En dicha nota hace especial menci\u00f3n a la Solidaridad citando a la Madre Teresa de Calcuta quien dec\u00eda que estamos aqu\u00ed para aportar una gota al oc\u00e9ano de amor gratuito al pr\u00f3jimo y que sin esa gota, m\u00eda o tuya, al oc\u00e9ano le faltar\u00eda algo.<\/p>\n\n\n\n<p>Muchas gotas de agua forman el mar\u2026..<\/p>\n\n\n\n<p>Esas gotas fueron las que cada uno de los presentadores , asistentes, auspiciantes y organizadores hicieron que la velada del Jueves 27 fuera un deleite.<\/p>\n\n\n\n<p>Como Presentadora, La Sra. <strong>Patricia Pitaluga<\/strong> ceo de Acercando Naciones hizo un acabado res\u00famen de los curriculum vitae de Diana y Francisco para luego proseguir con la entrevista misma.<\/p>\n\n\n\n<p>Desde ya la trayectoria del trabajo de Francisco Ayala recorre muchos caminos y rescata el arte desde lo primitivo pasa por diversas etapas, medioevo, renacimiento y llega a la actualidad en una amena e ilustrada charla muy bien llevada por Diana Avellaneda acompa\u00f1ando sus palabras con las im\u00e1genes exhibidas en pantalla y por sus modelos que bajaban por las escalinatas para que pudi\u00e9semos observar el trabajo de los materiales usados en cada una de sus obras.<\/p>\n\n\n\n<p>Ello fue un plus para los presentes : compartir la intimidad del artista que se ocupa por priorizar su creatividad y originalidad y muestra con pasi\u00f3n sus trofeos que son cada una de las prendas por las que tiene una dedicaci\u00f3n muy especial, sentimos al autor, al creativo, percibimos su magia que nos embruj\u00f3 y contagi\u00f3 con su obra.<\/p>\n\n\n\n<p>Muchos aplausos, mucho reconocimiento a este personaje que es Francisco Ayala en el mundo de la Moda, del Vestuario, del Teatro y de la Danza.<\/p>\n\n\n\n<figure class=\"wp-block-gallery columns-3 is-cropped wp-block-gallery-1 is-layout-flex wp-block-gallery-is-layout-flex\"><ul class=\"blocks-gallery-grid\"><li class=\"blocks-gallery-item\"><figure><img loading=\"lazy\" decoding=\"async\" width=\"683\" height=\"1024\" src=\"https:\/\/an.site.104-131-161-168.plesk.page\/wp-content\/uploads\/2021\/09\/DSC_0090-1-683x1024.jpg\" alt=\"\" data-id=\"5956\" data-link=\"https:\/\/an.site.104-131-161-168.plesk.page\/index.php\/eventos\/moda-buenos-aires\/dsc_0090-1\/\" class=\"wp-image-5956\" srcset=\"https:\/\/ong.acercandonaciones.com\/wp-content\/uploads\/2021\/09\/DSC_0090-1-683x1024.jpg 683w, https:\/\/ong.acercandonaciones.com\/wp-content\/uploads\/2021\/09\/DSC_0090-1-300x450.jpg 300w, https:\/\/ong.acercandonaciones.com\/wp-content\/uploads\/2021\/09\/DSC_0090-1-600x900.jpg 600w, https:\/\/ong.acercandonaciones.com\/wp-content\/uploads\/2021\/09\/DSC_0090-1-200x300.jpg 200w, https:\/\/ong.acercandonaciones.com\/wp-content\/uploads\/2021\/09\/DSC_0090-1-768x1152.jpg 768w, https:\/\/ong.acercandonaciones.com\/wp-content\/uploads\/2021\/09\/DSC_0090-1-1024x1536.jpg 1024w, https:\/\/ong.acercandonaciones.com\/wp-content\/uploads\/2021\/09\/DSC_0090-1.jpg 1200w\" sizes=\"auto, (max-width: 683px) 100vw, 683px\" \/><\/figure><\/li><li class=\"blocks-gallery-item\"><figure><img loading=\"lazy\" decoding=\"async\" width=\"1024\" height=\"683\" src=\"https:\/\/an.site.104-131-161-168.plesk.page\/wp-content\/uploads\/2021\/09\/DSC_0226-1024x683.jpg\" alt=\"\" data-id=\"5957\" data-link=\"https:\/\/an.site.104-131-161-168.plesk.page\/index.php\/eventos\/moda-buenos-aires\/dsc_0226\/\" class=\"wp-image-5957\" srcset=\"https:\/\/ong.acercandonaciones.com\/wp-content\/uploads\/2021\/09\/DSC_0226-1024x683.jpg 1024w, https:\/\/ong.acercandonaciones.com\/wp-content\/uploads\/2021\/09\/DSC_0226-300x200.jpg 300w, https:\/\/ong.acercandonaciones.com\/wp-content\/uploads\/2021\/09\/DSC_0226-600x400.jpg 600w, https:\/\/ong.acercandonaciones.com\/wp-content\/uploads\/2021\/09\/DSC_0226-768x512.jpg 768w, https:\/\/ong.acercandonaciones.com\/wp-content\/uploads\/2021\/09\/DSC_0226.jpg 1200w\" sizes=\"auto, (max-width: 1024px) 100vw, 1024px\" \/><\/figure><\/li><li class=\"blocks-gallery-item\"><figure><img loading=\"lazy\" decoding=\"async\" width=\"1024\" height=\"683\" src=\"https:\/\/an.site.104-131-161-168.plesk.page\/wp-content\/uploads\/2021\/09\/DSC_0087-1024x683.jpg\" alt=\"\" data-id=\"5958\" data-full-url=\"https:\/\/an.site.104-131-161-168.plesk.page\/wp-content\/uploads\/2021\/09\/DSC_0087.jpg\" data-link=\"https:\/\/an.site.104-131-161-168.plesk.page\/index.php\/eventos\/moda-buenos-aires\/dsc_0087\/\" class=\"wp-image-5958\" srcset=\"https:\/\/ong.acercandonaciones.com\/wp-content\/uploads\/2021\/09\/DSC_0087-1024x683.jpg 1024w, https:\/\/ong.acercandonaciones.com\/wp-content\/uploads\/2021\/09\/DSC_0087-300x200.jpg 300w, https:\/\/ong.acercandonaciones.com\/wp-content\/uploads\/2021\/09\/DSC_0087-600x400.jpg 600w, https:\/\/ong.acercandonaciones.com\/wp-content\/uploads\/2021\/09\/DSC_0087-768x512.jpg 768w, https:\/\/ong.acercandonaciones.com\/wp-content\/uploads\/2021\/09\/DSC_0087.jpg 1200w\" sizes=\"auto, (max-width: 1024px) 100vw, 1024px\" \/><\/figure><\/li><li class=\"blocks-gallery-item\"><figure><img loading=\"lazy\" decoding=\"async\" width=\"1024\" height=\"683\" src=\"https:\/\/an.site.104-131-161-168.plesk.page\/wp-content\/uploads\/2021\/09\/DSC_0159-1-1024x683.jpg\" alt=\"\" data-id=\"5955\" data-link=\"https:\/\/an.site.104-131-161-168.plesk.page\/index.php\/eventos\/moda-buenos-aires\/dsc_0159-1\/\" class=\"wp-image-5955\" srcset=\"https:\/\/ong.acercandonaciones.com\/wp-content\/uploads\/2021\/09\/DSC_0159-1-1024x683.jpg 1024w, https:\/\/ong.acercandonaciones.com\/wp-content\/uploads\/2021\/09\/DSC_0159-1-300x200.jpg 300w, https:\/\/ong.acercandonaciones.com\/wp-content\/uploads\/2021\/09\/DSC_0159-1-600x400.jpg 600w, https:\/\/ong.acercandonaciones.com\/wp-content\/uploads\/2021\/09\/DSC_0159-1-768x512.jpg 768w, https:\/\/ong.acercandonaciones.com\/wp-content\/uploads\/2021\/09\/DSC_0159-1.jpg 1200w\" sizes=\"auto, (max-width: 1024px) 100vw, 1024px\" \/><\/figure><\/li><\/ul><\/figure>\n\n\n\n<p>Somos lo que ponemos sobre nuestra piel y Francisco nos lo pudo mostrar con delicadeza e imaginaci\u00f3n.<\/p>\n\n\n\n<p>La velada finaliz\u00f3 con el Brindis ofrecido por la Sra. Magdalena Santa Mar\u00eda de Urrejola .<\/p>\n\n\n\n<p>Refresc\u00f3 la noche los helados de KAINOS y se procedi\u00f3 al Sorteo de una Rifa con los premios donados por 28 generosos auspiciantes que fueron exhibidos al ingresar al CCMatta y cuyas fotos gentilmente tomadas por la <strong>Lic. Marina Parilli<\/strong> acompa\u00f1an esta nota.<br><br>ACERCANDO NACIONES agradece a la Asociaci\u00f3n de Damas Argentino Chilenas ( ADAC ) la cortes\u00eda de haber formado parte de este evento y a su Presidente la Sra. Alma Comas de Portiglia por estas lineas.<\/p>\n\n\n\n<p>Muchas gracias por parte de ADAC a los Participantes , a las Bailarinas que hicieron una hermosa performance danzante, a las modelos y al p\u00fablico que nos acompa\u00f1\u00f3 y que podr\u00e1n apreciar en las diversas fotos ya mencionadas.<\/p>\n\n\n\n<p>Por Alma Comas de Portiglia &#8211; Presidente &#8211; Asociaci\u00f3n Damas Argentino Chilena (ADAC)<br>Mas info: <a href=\"https:\/\/acercandonaciones.com\/nuevo-evento-de-adac-29112019__k0gKmZXLwZ\">https:\/\/acercandonaciones.com\/nuevo-evento-de-adac-29112019__k0gKmZXLwZ<\/a><\/p>\n","protected":false},"featured_media":5953,"parent":0,"template":"","eventos_categoria":[57],"class_list":["post-3992","eventos","type-eventos","status-publish","has-post-thumbnail","hentry","eventos_categoria-eventos"],"blocksy_meta":{"styles_descriptor":{"styles":{"desktop":"","tablet":"","mobile":""},"google_fonts":[],"version":6}},"_links":{"self":[{"href":"https:\/\/ong.acercandonaciones.com\/index.php\/wp-json\/wp\/v2\/eventos\/3992","targetHints":{"allow":["GET"]}}],"collection":[{"href":"https:\/\/ong.acercandonaciones.com\/index.php\/wp-json\/wp\/v2\/eventos"}],"about":[{"href":"https:\/\/ong.acercandonaciones.com\/index.php\/wp-json\/wp\/v2\/types\/eventos"}],"wp:featuredmedia":[{"embeddable":true,"href":"https:\/\/ong.acercandonaciones.com\/index.php\/wp-json\/wp\/v2\/media\/5953"}],"wp:attachment":[{"href":"https:\/\/ong.acercandonaciones.com\/index.php\/wp-json\/wp\/v2\/media?parent=3992"}],"wp:term":[{"taxonomy":"eventos_categoria","embeddable":true,"href":"https:\/\/ong.acercandonaciones.com\/index.php\/wp-json\/wp\/v2\/eventos_categoria?post=3992"}],"curies":[{"name":"wp","href":"https:\/\/api.w.org\/{rel}","templated":true}]}}

<p><strong>Conversatorio</strong></p>



<p>CONVERSATORIO » EL ARTE Y LA MODA» con <strong>Francisco Ayala</strong>, entrevistado por la Lic. <strong>Diana Avellaneda</strong> en el Centro Cultural MATTA de la Embajada de Chile en <br>Buenos Aires ,convocado por la Sra. <strong>Magdalena Santa María de Urrejola.</strong></p>



<p>El día Jueves 27 de Noviembre el CCMatta ambientado con su reciente puesta de la Exposición CONTINUIDADES , fue centro de reunión del Conversatorio » El Arte y la Moda » .</p>



<p><strong>El encuentro</strong><br>Los asistentes fueron recibidos recorriendo las obras expuestas de los artistas chilenos Claudia Müller, Magdalena Prado y Virginia Guilisasti , mientras degustaban un sabroso café CABRALES y delicatessen.</p>



<p><strong>Agradecimientos de ADAC</strong><br>En Mesa de Ingreso cada participante pudo retirar una atención de un filtro solar de ANDROMACO, muy apropiado para la estación veraniega que estamos iniciando , razón por la cual les damos las gracias por cuidar nuestra piel así como a BAGÓ los medicamentos donados para niños y ancianos que mantienen la Congregación Hermanas de Santa Marta.</p>



<p>Con posterioridad, se invitó al público a pasar al Auditorio donde nos encontramos con el diseñador Francisco Ayala y la Lic. Diana Avellaneda.</p>



<p>Breves palabras introductorias de <strong>Alma Comas de Portiglia</strong> quien dió lectura a la nota enviada por la Madre Superiora <strong>Sor Patricia Morales </strong>del Hogar de Ancianos que mantiene la <strong>Congregación Hermanas de Santa Marta </strong>para 50 ancianos argentinos de escasos recursos en la localidad de Pilar.</p>



<p>En dicha nota hace especial mención a la Solidaridad citando a la Madre Teresa de Calcuta quien decía que estamos aquí para aportar una gota al océano de amor gratuito al prójimo y que sin esa gota, mía o tuya, al océano le faltaría algo.</p>



<p>Muchas gotas de agua forman el mar…..</p>



<p>Esas gotas fueron las que cada uno de los presentadores , asistentes, auspiciantes y organizadores hicieron que la velada del Jueves 27 fuera un deleite.</p>



<p>Como Presentadora, La Sra. <strong>Patricia Pitaluga</strong> ceo de Acercando Naciones hizo un acabado resúmen de los curriculum vitae de Diana y Francisco para luego proseguir con la entrevista misma.</p>



<p>Desde ya la trayectoria del trabajo de Francisco Ayala recorre muchos caminos y rescata el arte desde lo primitivo pasa por diversas etapas, medioevo, renacimiento y llega a la actualidad en una amena e ilustrada charla muy bien llevada por Diana Avellaneda acompañando sus palabras con las imágenes exhibidas en pantalla y por sus modelos que bajaban por las escalinatas para que pudiésemos observar el trabajo de los materiales usados en cada una de sus obras.</p>



<p>Ello fue un plus para los presentes : compartir la intimidad del artista que se ocupa por priorizar su creatividad y originalidad y muestra con pasión sus trofeos que son cada una de las prendas por las que tiene una dedicación muy especial, sentimos al autor, al creativo, percibimos su magia que nos embrujó y contagió con su obra.</p>



<p>Muchos aplausos, mucho reconocimiento a este personaje que es Francisco Ayala en el mundo de la Moda, del Vestuario, del Teatro y de la Danza.</p>



<figure class="wp-block-gallery columns-3 is-cropped wp-block-gallery-1 is-layout-flex wp-block-gallery-is-layout-flex"><ul class="blocks-gallery-grid"><li class="blocks-gallery-item"><figure><img loading="lazy" decoding="async" width="683" height="1024" src="https://an.site.104-131-161-168.plesk.page/wp-content/uploads/2021/09/DSC_0090-1-683x1024.jpg" alt="" data-id="5956" data-link="https://an.site.104-131-161-168.plesk.page/index.php/eventos/moda-buenos-aires/dsc_0090-1/" class="wp-image-5956" srcset="https://ong.acercandonaciones.com/wp-content/uploads/2021/09/DSC_0090-1-683x1024.jpg 683w, https://ong.acercandonaciones.com/wp-content/uploads/2021/09/DSC_0090-1-300x450.jpg 300w, https://ong.acercandonaciones.com/wp-content/uploads/2021/09/DSC_0090-1-600x900.jpg 600w, https://ong.acercandonaciones.com/wp-content/uploads/2021/09/DSC_0090-1-200x300.jpg 200w, https://ong.acercandonaciones.com/wp-content/uploads/2021/09/DSC_0090-1-768x1152.jpg 768w, https://ong.acercandonaciones.com/wp-content/uploads/2021/09/DSC_0090-1-1024x1536.jpg 1024w, https://ong.acercandonaciones.com/wp-content/uploads/2021/09/DSC_0090-1.jpg 1200w" sizes="auto, (max-width: 683px) 100vw, 683px" /></figure></li><li class="blocks-gallery-item"><figure><img loading="lazy" decoding="async" width="1024" height="683" src="https://an.site.104-131-161-168.plesk.page/wp-content/uploads/2021/09/DSC_0226-1024x683.jpg" alt="" data-id="5957" data-link="https://an.site.104-131-161-168.plesk.page/index.php/eventos/moda-buenos-aires/dsc_0226/" class="wp-image-5957" srcset="https://ong.acercandonaciones.com/wp-content/uploads/2021/09/DSC_0226-1024x683.jpg 1024w, https://ong.acercandonaciones.com/wp-content/uploads/2021/09/DSC_0226-300x200.jpg 300w, https://ong.acercandonaciones.com/wp-content/uploads/2021/09/DSC_0226-600x400.jpg 600w, https://ong.acercandonaciones.com/wp-content/uploads/2021/09/DSC_0226-768x512.jpg 768w, https://ong.acercandonaciones.com/wp-content/uploads/2021/09/DSC_0226.jpg 1200w" sizes="auto, (max-width: 1024px) 100vw, 1024px" /></figure></li><li class="blocks-gallery-item"><figure><img loading="lazy" decoding="async" width="1024" height="683" src="https://an.site.104-131-161-168.plesk.page/wp-content/uploads/2021/09/DSC_0087-1024x683.jpg" alt="" data-id="5958" data-full-url="https://an.site.104-131-161-168.plesk.page/wp-content/uploads/2021/09/DSC_0087.jpg" data-link="https://an.site.104-131-161-168.plesk.page/index.php/eventos/moda-buenos-aires/dsc_0087/" class="wp-image-5958" srcset="https://ong.acercandonaciones.com/wp-content/uploads/2021/09/DSC_0087-1024x683.jpg 1024w, https://ong.acercandonaciones.com/wp-content/uploads/2021/09/DSC_0087-300x200.jpg 300w, https://ong.acercandonaciones.com/wp-content/uploads/2021/09/DSC_0087-600x400.jpg 600w, https://ong.acercandonaciones.com/wp-content/uploads/2021/09/DSC_0087-768x512.jpg 768w, https://ong.acercandonaciones.com/wp-content/uploads/2021/09/DSC_0087.jpg 1200w" sizes="auto, (max-width: 1024px) 100vw, 1024px" /></figure></li><li class="blocks-gallery-item"><figure><img loading="lazy" decoding="async" width="1024" height="683" src="https://an.site.104-131-161-168.plesk.page/wp-content/uploads/2021/09/DSC_0159-1-1024x683.jpg" alt="" data-id="5955" data-link="https://an.site.104-131-161-168.plesk.page/index.php/eventos/moda-buenos-aires/dsc_0159-1/" class="wp-image-5955" srcset="https://ong.acercandonaciones.com/wp-content/uploads/2021/09/DSC_0159-1-1024x683.jpg 1024w, https://ong.acercandonaciones.com/wp-content/uploads/2021/09/DSC_0159-1-300x200.jpg 300w, https://ong.acercandonaciones.com/wp-content/uploads/2021/09/DSC_0159-1-600x400.jpg 600w, https://ong.acercandonaciones.com/wp-content/uploads/2021/09/DSC_0159-1-768x512.jpg 768w, https://ong.acercandonaciones.com/wp-content/uploads/2021/09/DSC_0159-1.jpg 1200w" sizes="auto, (max-width: 1024px) 100vw, 1024px" /></figure></li></ul></figure>



<p>Somos lo que ponemos sobre nuestra piel y Francisco nos lo pudo mostrar con delicadeza e imaginación.</p>



<p>La velada finalizó con el Brindis ofrecido por la Sra. Magdalena Santa María de Urrejola .</p>



<p>Refrescó la noche los helados de KAINOS y se procedió al Sorteo de una Rifa con los premios donados por 28 generosos auspiciantes que fueron exhibidos al ingresar al CCMatta y cuyas fotos gentilmente tomadas por la <strong>Lic. Marina Parilli</strong> acompañan esta nota.<br><br>ACERCANDO NACIONES agradece a la Asociación de Damas Argentino Chilenas ( ADAC ) la cortesía de haber formado parte de este evento y a su Presidente la Sra. Alma Comas de Portiglia por estas lineas.</p>



<p>Muchas gracias por parte de ADAC a los Participantes , a las Bailarinas que hicieron una hermosa performance danzante, a las modelos y al público que nos acompañó y que podrán apreciar en las diversas fotos ya mencionadas.</p>



<p>Por Alma Comas de Portiglia &#8211; Presidente &#8211; Asociación Damas Argentino Chilena (ADAC)<br>Mas info: <a href="https://acercandonaciones.com/nuevo-evento-de-adac-29112019__k0gKmZXLwZ">https://acercandonaciones.com/nuevo-evento-de-adac-29112019__k0gKmZXLwZ</a></p>
