{"id":4134,"date":"2021-06-13T16:14:11","date_gmt":"2021-06-13T16:14:11","guid":{"rendered":"https:\/\/site.104-131-161-168.plesk.page\/?post_type=eventos&#038;p=4134"},"modified":"2022-10-16T17:50:36","modified_gmt":"2022-10-16T17:50:36","slug":"wef","status":"publish","type":"eventos","link":"https:\/\/ong.acercandonaciones.com\/index.php\/eventos\/wef\/","title":{"rendered":"Presentaci\u00f3n del Wef 2020 en la Embajada de Francia"},"content":{"rendered":"\n<p>El pasado 5 de diciembre se llev\u00f3 a cabo en la Embajada de Francia la primera presentaci\u00f3n del Women Economic Forum Argentina 2020. La Embajadora Claudia Scherer-Effosse abri\u00f3 las puertas de la Embajada de Francia para que se presente el WEF Argentina 2020 de mano de su Directora la Dra. Lina Anllo, en tal presentaci\u00f3n se relat\u00f3 el origen del WEF, en que pa\u00edses se ha realizado, como ha sido el WEF Latam en Cartagena, en donde una importante delegaci\u00f3n Argentina estuvo presente, y cu\u00e1les son los objetivos a lograr en esta edici\u00f3n que se realizar\u00e1 en Buenos Aires en el mes de octubre del a\u00f1o entrante.<\/p>\n\n\n\n<p><br>Este primer evento se organiz\u00f3 desde el \u00e1rea que se ocupa de la Diplomacia en el WEF a cargo de la Sra. Patricia Pitaluga, presidente de Acercando Naciones, quien manifest\u00f3 que es clave mantener una relaci\u00f3n directa y fluida con las embajadas acreditadas en el pa\u00eds, porque ellas son el puente ideal para la vinculaci\u00f3n internacional entre naciones y que a su vez quienes pueden facilitar la llegada directa con las principales l\u00edderes del mundo.<\/p>\n\n\n\n<p><br>Con la participaci\u00f3n de las Embajadoras de Irlanda S.E Jacqueline O\u2019Halloran, de La Uni\u00f3n Europea S.E. Aude Maio-Coliche, de Armenia S.E. Estera Mkrtumyan, de Israel, S.E. Galit Ronen, la embajadora de Croacia Duska Paravic, la Consejero de Ucrania S.E. Margaryta Aristova, la embajadora de Rumania S.E. Carmen Liliana Podgorean, la representante de Finlandia, como as\u00ed tambi\u00e9n representantes de organizaciones de mujeres, Uni\u00f3n Industrial Provincia de Buenos Aires, liderado por Irini Wentinck y Alabadas, de la mano de Jorgelina Albano, Fundaci\u00f3n Flor representada por Ver\u00f3nica Mart\u00ednez Castro, Organismos Internacionales como ONU MUJERES, con su proyecto GANAR-GANAR en asociaci\u00f3n con la OIT y el financiamiento de la Uni\u00f3n Europea, para promover la igualdad de g\u00e9nero a trav\u00e9s del sector privado, el cual es coordinado por Ver\u00f3nica Baracat, empresas argentino-francesas, Renault Argentina, de la mano de Ethel Zulli y Lear While Expliring de la mano de Agustina Cattaneo. Participaron adem\u00e1s representantes de empresas argentinas, entre ellas, Karin Rodriguez de Signo Plast, Patricia Malnati de JOMSALVA, Silvia Chus de Cielos Pampeanos, Mariana Romano de Orbis, Nuria Plez de RPA Consulting, Agustina Bavosi de Alimentos Bavosi, Gisela Marziotta periodista pol\u00edtica y candidata a vice jefa de gobierno por la Cuidad Aut\u00f3noma de Buenos Aires en las \u00faltimas elecciones y la consultora Silvana Mondino.<\/p>\n\n\n\n<figure class=\"wp-block-gallery has-nested-images columns-default is-cropped wp-block-gallery-1 is-layout-flex wp-block-gallery-is-layout-flex\">\n<figure class=\"wp-block-image size-large\"><img loading=\"lazy\" decoding=\"async\" width=\"1024\" height=\"682\" data-id=\"5945\" src=\"https:\/\/an.site.104-131-161-168.plesk.page\/wp-content\/uploads\/2021\/09\/franciawef-12-1024x682.jpg\" alt=\"\" class=\"wp-image-5945\" srcset=\"https:\/\/ong.acercandonaciones.com\/wp-content\/uploads\/2021\/09\/franciawef-12-1024x682.jpg 1024w, https:\/\/ong.acercandonaciones.com\/wp-content\/uploads\/2021\/09\/franciawef-12-300x200.jpg 300w, https:\/\/ong.acercandonaciones.com\/wp-content\/uploads\/2021\/09\/franciawef-12-600x400.jpg 600w, https:\/\/ong.acercandonaciones.com\/wp-content\/uploads\/2021\/09\/franciawef-12-768x512.jpg 768w, https:\/\/ong.acercandonaciones.com\/wp-content\/uploads\/2021\/09\/franciawef-12.jpg 1280w\" sizes=\"auto, (max-width: 1024px) 100vw, 1024px\" \/><\/figure>\n\n\n\n<figure class=\"wp-block-image size-large\"><img loading=\"lazy\" decoding=\"async\" width=\"1024\" height=\"682\" data-id=\"5947\" src=\"https:\/\/an.site.104-131-161-168.plesk.page\/wp-content\/uploads\/2021\/09\/franciawef-5-1024x682.jpg\" alt=\"\" class=\"wp-image-5947\" srcset=\"https:\/\/ong.acercandonaciones.com\/wp-content\/uploads\/2021\/09\/franciawef-5-1024x682.jpg 1024w, https:\/\/ong.acercandonaciones.com\/wp-content\/uploads\/2021\/09\/franciawef-5-300x200.jpg 300w, https:\/\/ong.acercandonaciones.com\/wp-content\/uploads\/2021\/09\/franciawef-5-600x400.jpg 600w, https:\/\/ong.acercandonaciones.com\/wp-content\/uploads\/2021\/09\/franciawef-5-768x512.jpg 768w, https:\/\/ong.acercandonaciones.com\/wp-content\/uploads\/2021\/09\/franciawef-5.jpg 1280w\" sizes=\"auto, (max-width: 1024px) 100vw, 1024px\" \/><\/figure>\n\n\n\n<figure class=\"wp-block-image size-large\"><img loading=\"lazy\" decoding=\"async\" width=\"1024\" height=\"682\" data-id=\"5948\" src=\"https:\/\/an.site.104-131-161-168.plesk.page\/wp-content\/uploads\/2021\/09\/franciawef-19-1024x682.jpg\" alt=\"\" class=\"wp-image-5948\" srcset=\"https:\/\/ong.acercandonaciones.com\/wp-content\/uploads\/2021\/09\/franciawef-19-1024x682.jpg 1024w, https:\/\/ong.acercandonaciones.com\/wp-content\/uploads\/2021\/09\/franciawef-19-300x200.jpg 300w, https:\/\/ong.acercandonaciones.com\/wp-content\/uploads\/2021\/09\/franciawef-19-600x400.jpg 600w, https:\/\/ong.acercandonaciones.com\/wp-content\/uploads\/2021\/09\/franciawef-19-768x512.jpg 768w, https:\/\/ong.acercandonaciones.com\/wp-content\/uploads\/2021\/09\/franciawef-19.jpg 1280w\" sizes=\"auto, (max-width: 1024px) 100vw, 1024px\" \/><\/figure>\n\n\n\n<figure class=\"wp-block-image size-large\"><img loading=\"lazy\" decoding=\"async\" width=\"1024\" height=\"683\" data-id=\"5949\" src=\"https:\/\/an.site.104-131-161-168.plesk.page\/wp-content\/uploads\/2021\/09\/franciawef-24-1024x683.jpg\" alt=\"\" class=\"wp-image-5949\" srcset=\"https:\/\/ong.acercandonaciones.com\/wp-content\/uploads\/2021\/09\/franciawef-24-1024x683.jpg 1024w, https:\/\/ong.acercandonaciones.com\/wp-content\/uploads\/2021\/09\/franciawef-24-300x200.jpg 300w, https:\/\/ong.acercandonaciones.com\/wp-content\/uploads\/2021\/09\/franciawef-24-600x400.jpg 600w, https:\/\/ong.acercandonaciones.com\/wp-content\/uploads\/2021\/09\/franciawef-24-768x512.jpg 768w, https:\/\/ong.acercandonaciones.com\/wp-content\/uploads\/2021\/09\/franciawef-24.jpg 1200w\" sizes=\"auto, (max-width: 1024px) 100vw, 1024px\" \/><\/figure>\n\n\n\n<figure class=\"wp-block-image size-large\"><img loading=\"lazy\" decoding=\"async\" width=\"1024\" height=\"683\" data-id=\"5950\" src=\"https:\/\/an.site.104-131-161-168.plesk.page\/wp-content\/uploads\/2021\/09\/franciawef-6-1024x683.jpg\" alt=\"\" class=\"wp-image-5950\" srcset=\"https:\/\/ong.acercandonaciones.com\/wp-content\/uploads\/2021\/09\/franciawef-6-1024x683.jpg 1024w, https:\/\/ong.acercandonaciones.com\/wp-content\/uploads\/2021\/09\/franciawef-6-300x200.jpg 300w, https:\/\/ong.acercandonaciones.com\/wp-content\/uploads\/2021\/09\/franciawef-6-600x400.jpg 600w, https:\/\/ong.acercandonaciones.com\/wp-content\/uploads\/2021\/09\/franciawef-6-768x512.jpg 768w, https:\/\/ong.acercandonaciones.com\/wp-content\/uploads\/2021\/09\/franciawef-6.jpg 1200w\" sizes=\"auto, (max-width: 1024px) 100vw, 1024px\" \/><\/figure>\n\n\n\n<figure class=\"wp-block-image size-large\"><img loading=\"lazy\" decoding=\"async\" width=\"1024\" height=\"683\" data-id=\"5951\" src=\"https:\/\/an.site.104-131-161-168.plesk.page\/wp-content\/uploads\/2021\/09\/franciawef-26-1024x683.jpg\" alt=\"\" class=\"wp-image-5951\" srcset=\"https:\/\/ong.acercandonaciones.com\/wp-content\/uploads\/2021\/09\/franciawef-26-1024x683.jpg 1024w, https:\/\/ong.acercandonaciones.com\/wp-content\/uploads\/2021\/09\/franciawef-26-300x200.jpg 300w, https:\/\/ong.acercandonaciones.com\/wp-content\/uploads\/2021\/09\/franciawef-26-600x400.jpg 600w, https:\/\/ong.acercandonaciones.com\/wp-content\/uploads\/2021\/09\/franciawef-26-768x512.jpg 768w, https:\/\/ong.acercandonaciones.com\/wp-content\/uploads\/2021\/09\/franciawef-26.jpg 1200w\" sizes=\"auto, (max-width: 1024px) 100vw, 1024px\" \/><\/figure>\n<\/figure>\n\n\n\n<p><br>La Sra. Embajadora de Francia Claudia Scherer-Effosse al momento de tomar la palabra, relat\u00f3 que ha tomado con mucho benepl\u00e1cito que su Embajada sea el lugar para el primer lanzamiento del WEF Argentina, ya que va en l\u00ednea con las pol\u00edticas y objetivos en materia de equidad y de empoderamiento femenino que sigue su pa\u00eds y su actual presidente Emmanuel Jean Michel Fr\u00e9d\u00e9ric Macron relatando concretamente las diferentes leyes, y acciones que se est\u00e1n llevando adelante en su pa\u00eds. Por su parte, las diferentes embajadoras comentaron tambi\u00e9n las acciones y pol\u00edticas de sus pa\u00edses representados, mostrando mucho inter\u00e9s en participar en el evento a realizarse en Argentina. Ha sido un gran lanzamiento, donde se ha cumplido el objetivo que persigue el Women Economic Forum, sumar aliadas y alianzas estrat\u00e9gicas, para que todas las mujeres y hombres comprometidos con la equidad, la diversidad y el empoderamiento econ\u00f3mico de la mujer est\u00e9n presentes en el principal Foro econ\u00f3mico global de la Mujer.<\/p>\n","protected":false},"featured_media":5944,"parent":0,"template":"","eventos_categoria":[57],"class_list":["post-4134","eventos","type-eventos","status-publish","has-post-thumbnail","hentry","eventos_categoria-eventos"],"blocksy_meta":{"styles_descriptor":{"styles":{"desktop":"","tablet":"","mobile":""},"google_fonts":[],"version":6}},"_links":{"self":[{"href":"https:\/\/ong.acercandonaciones.com\/index.php\/wp-json\/wp\/v2\/eventos\/4134","targetHints":{"allow":["GET"]}}],"collection":[{"href":"https:\/\/ong.acercandonaciones.com\/index.php\/wp-json\/wp\/v2\/eventos"}],"about":[{"href":"https:\/\/ong.acercandonaciones.com\/index.php\/wp-json\/wp\/v2\/types\/eventos"}],"wp:featuredmedia":[{"embeddable":true,"href":"https:\/\/ong.acercandonaciones.com\/index.php\/wp-json\/wp\/v2\/media\/5944"}],"wp:attachment":[{"href":"https:\/\/ong.acercandonaciones.com\/index.php\/wp-json\/wp\/v2\/media?parent=4134"}],"wp:term":[{"taxonomy":"eventos_categoria","embeddable":true,"href":"https:\/\/ong.acercandonaciones.com\/index.php\/wp-json\/wp\/v2\/eventos_categoria?post=4134"}],"curies":[{"name":"wp","href":"https:\/\/api.w.org\/{rel}","templated":true}]}}

Presentación del Wef 2020 en la Embajada de Francia

<p>El pasado 5 de diciembre se llevó a cabo en la Embajada de Francia la primera presentación del Women Economic Forum Argentina 2020. La Embajadora Claudia Scherer-Effosse abrió las puertas de la Embajada de Francia para que se presente el WEF Argentina 2020 de mano de su Directora la Dra. Lina Anllo, en tal presentación se relató el origen del WEF, en que países se ha realizado, como ha sido el WEF Latam en Cartagena, en donde una importante delegación Argentina estuvo presente, y cuáles son los objetivos a lograr en esta edición que se realizará en Buenos Aires en el mes de octubre del año entrante.</p>



<p><br>Este primer evento se organizó desde el área que se ocupa de la Diplomacia en el WEF a cargo de la Sra. Patricia Pitaluga, presidente de Acercando Naciones, quien manifestó que es clave mantener una relación directa y fluida con las embajadas acreditadas en el país, porque ellas son el puente ideal para la vinculación internacional entre naciones y que a su vez quienes pueden facilitar la llegada directa con las principales líderes del mundo.</p>



<p><br>Con la participación de las Embajadoras de Irlanda S.E Jacqueline O’Halloran, de La Unión Europea S.E. Aude Maio-Coliche, de Armenia S.E. Estera Mkrtumyan, de Israel, S.E. Galit Ronen, la embajadora de Croacia Duska Paravic, la Consejero de Ucrania S.E. Margaryta Aristova, la embajadora de Rumania S.E. Carmen Liliana Podgorean, la representante de Finlandia, como así también representantes de organizaciones de mujeres, Unión Industrial Provincia de Buenos Aires, liderado por Irini Wentinck y Alabadas, de la mano de Jorgelina Albano, Fundación Flor representada por Verónica Martínez Castro, Organismos Internacionales como ONU MUJERES, con su proyecto GANAR-GANAR en asociación con la OIT y el financiamiento de la Unión Europea, para promover la igualdad de género a través del sector privado, el cual es coordinado por Verónica Baracat, empresas argentino-francesas, Renault Argentina, de la mano de Ethel Zulli y Lear While Expliring de la mano de Agustina Cattaneo. Participaron además representantes de empresas argentinas, entre ellas, Karin Rodriguez de Signo Plast, Patricia Malnati de JOMSALVA, Silvia Chus de Cielos Pampeanos, Mariana Romano de Orbis, Nuria Plez de RPA Consulting, Agustina Bavosi de Alimentos Bavosi, Gisela Marziotta periodista política y candidata a vice jefa de gobierno por la Cuidad Autónoma de Buenos Aires en las últimas elecciones y la consultora Silvana Mondino.</p>



<figure class="wp-block-gallery has-nested-images columns-default is-cropped wp-block-gallery-1 is-layout-flex wp-block-gallery-is-layout-flex">
<figure class="wp-block-image size-large"><img loading="lazy" decoding="async" width="1024" height="682" data-id="5945" src="https://an.site.104-131-161-168.plesk.page/wp-content/uploads/2021/09/franciawef-12-1024x682.jpg" alt="" class="wp-image-5945" srcset="https://ong.acercandonaciones.com/wp-content/uploads/2021/09/franciawef-12-1024x682.jpg 1024w, https://ong.acercandonaciones.com/wp-content/uploads/2021/09/franciawef-12-300x200.jpg 300w, https://ong.acercandonaciones.com/wp-content/uploads/2021/09/franciawef-12-600x400.jpg 600w, https://ong.acercandonaciones.com/wp-content/uploads/2021/09/franciawef-12-768x512.jpg 768w, https://ong.acercandonaciones.com/wp-content/uploads/2021/09/franciawef-12.jpg 1280w" sizes="auto, (max-width: 1024px) 100vw, 1024px" /></figure>



<figure class="wp-block-image size-large"><img loading="lazy" decoding="async" width="1024" height="682" data-id="5947" src="https://an.site.104-131-161-168.plesk.page/wp-content/uploads/2021/09/franciawef-5-1024x682.jpg" alt="" class="wp-image-5947" srcset="https://ong.acercandonaciones.com/wp-content/uploads/2021/09/franciawef-5-1024x682.jpg 1024w, https://ong.acercandonaciones.com/wp-content/uploads/2021/09/franciawef-5-300x200.jpg 300w, https://ong.acercandonaciones.com/wp-content/uploads/2021/09/franciawef-5-600x400.jpg 600w, https://ong.acercandonaciones.com/wp-content/uploads/2021/09/franciawef-5-768x512.jpg 768w, https://ong.acercandonaciones.com/wp-content/uploads/2021/09/franciawef-5.jpg 1280w" sizes="auto, (max-width: 1024px) 100vw, 1024px" /></figure>



<figure class="wp-block-image size-large"><img loading="lazy" decoding="async" width="1024" height="682" data-id="5948" src="https://an.site.104-131-161-168.plesk.page/wp-content/uploads/2021/09/franciawef-19-1024x682.jpg" alt="" class="wp-image-5948" srcset="https://ong.acercandonaciones.com/wp-content/uploads/2021/09/franciawef-19-1024x682.jpg 1024w, https://ong.acercandonaciones.com/wp-content/uploads/2021/09/franciawef-19-300x200.jpg 300w, https://ong.acercandonaciones.com/wp-content/uploads/2021/09/franciawef-19-600x400.jpg 600w, https://ong.acercandonaciones.com/wp-content/uploads/2021/09/franciawef-19-768x512.jpg 768w, https://ong.acercandonaciones.com/wp-content/uploads/2021/09/franciawef-19.jpg 1280w" sizes="auto, (max-width: 1024px) 100vw, 1024px" /></figure>



<figure class="wp-block-image size-large"><img loading="lazy" decoding="async" width="1024" height="683" data-id="5949" src="https://an.site.104-131-161-168.plesk.page/wp-content/uploads/2021/09/franciawef-24-1024x683.jpg" alt="" class="wp-image-5949" srcset="https://ong.acercandonaciones.com/wp-content/uploads/2021/09/franciawef-24-1024x683.jpg 1024w, https://ong.acercandonaciones.com/wp-content/uploads/2021/09/franciawef-24-300x200.jpg 300w, https://ong.acercandonaciones.com/wp-content/uploads/2021/09/franciawef-24-600x400.jpg 600w, https://ong.acercandonaciones.com/wp-content/uploads/2021/09/franciawef-24-768x512.jpg 768w, https://ong.acercandonaciones.com/wp-content/uploads/2021/09/franciawef-24.jpg 1200w" sizes="auto, (max-width: 1024px) 100vw, 1024px" /></figure>



<figure class="wp-block-image size-large"><img loading="lazy" decoding="async" width="1024" height="683" data-id="5950" src="https://an.site.104-131-161-168.plesk.page/wp-content/uploads/2021/09/franciawef-6-1024x683.jpg" alt="" class="wp-image-5950" srcset="https://ong.acercandonaciones.com/wp-content/uploads/2021/09/franciawef-6-1024x683.jpg 1024w, https://ong.acercandonaciones.com/wp-content/uploads/2021/09/franciawef-6-300x200.jpg 300w, https://ong.acercandonaciones.com/wp-content/uploads/2021/09/franciawef-6-600x400.jpg 600w, https://ong.acercandonaciones.com/wp-content/uploads/2021/09/franciawef-6-768x512.jpg 768w, https://ong.acercandonaciones.com/wp-content/uploads/2021/09/franciawef-6.jpg 1200w" sizes="auto, (max-width: 1024px) 100vw, 1024px" /></figure>



<figure class="wp-block-image size-large"><img loading="lazy" decoding="async" width="1024" height="683" data-id="5951" src="https://an.site.104-131-161-168.plesk.page/wp-content/uploads/2021/09/franciawef-26-1024x683.jpg" alt="" class="wp-image-5951" srcset="https://ong.acercandonaciones.com/wp-content/uploads/2021/09/franciawef-26-1024x683.jpg 1024w, https://ong.acercandonaciones.com/wp-content/uploads/2021/09/franciawef-26-300x200.jpg 300w, https://ong.acercandonaciones.com/wp-content/uploads/2021/09/franciawef-26-600x400.jpg 600w, https://ong.acercandonaciones.com/wp-content/uploads/2021/09/franciawef-26-768x512.jpg 768w, https://ong.acercandonaciones.com/wp-content/uploads/2021/09/franciawef-26.jpg 1200w" sizes="auto, (max-width: 1024px) 100vw, 1024px" /></figure>
</figure>



<p><br>La Sra. Embajadora de Francia Claudia Scherer-Effosse al momento de tomar la palabra, relató que ha tomado con mucho beneplácito que su Embajada sea el lugar para el primer lanzamiento del WEF Argentina, ya que va en línea con las políticas y objetivos en materia de equidad y de empoderamiento femenino que sigue su país y su actual presidente Emmanuel Jean Michel Frédéric Macron relatando concretamente las diferentes leyes, y acciones que se están llevando adelante en su país. Por su parte, las diferentes embajadoras comentaron también las acciones y políticas de sus países representados, mostrando mucho interés en participar en el evento a realizarse en Argentina. Ha sido un gran lanzamiento, donde se ha cumplido el objetivo que persigue el Women Economic Forum, sumar aliadas y alianzas estratégicas, para que todas las mujeres y hombres comprometidos con la equidad, la diversidad y el empoderamiento económico de la mujer estén presentes en el principal Foro económico global de la Mujer.</p>
